{"id":95,"date":"2023-02-03T13:45:00","date_gmt":"2023-02-03T13:45:00","guid":{"rendered":"https:\/\/gdziewyjechac.pl\/sklep\/?post_type=product&#038;p=95"},"modified":"2024-12-03T13:52:39","modified_gmt":"2024-12-03T13:52:39","slug":"slaskie-do-odkrycia-pakiet-lux","status":"publish","type":"product","link":"https:\/\/gdziewyjechac.pl\/sklep\/produkt\/slaskie-do-odkrycia-pakiet-lux\/","title":{"rendered":"\u201e\u015al\u0105skie do odkrycia\u201d \u2013 pakiet LUX"},"content":{"rendered":"<h3><strong>O czym jest ksi\u0105\u017cka \u201e\u015al\u0105skie do odkrycia\u201d?<\/strong><\/h3>\n<p>Cho\u0107 wojew\u00f3dztwo \u015bl\u0105skie pe\u0142ne jest podr\u00f3\u017cniczych skarb\u00f3w, wci\u0105\u017c boryka si\u0119 ze starymi stereotypami. Pora to zmieni\u0107! Odkryj z nami wspania\u0142e zamki, pa\u0142ace, g\u00f3rskie szlaki, zabytki postindustrialne i przekonaj si\u0119, jak pi\u0119kny i zielony jest to region. Przygotowali\u015bmy dla Ciebie bardzo konkretne propozycje na wycieczki 1-dniowe, weekendowe oraz nawet na urlop. O ka\u017cdej porze roku. Daj si\u0119 zaprosi\u0107 do \u015bl\u0105skiego, jakiego zapewne jeszcze nie zna\u0142e\u015b.<\/p>\n<h3>Dlaczego warto kupi\u0107 \u201e\u015al\u0105skie do odkrycia\u201d?<\/h3>\n<ul>\n<li>Poznasz ponad 50 fascynuj\u0105cych miejsc<\/li>\n<li>Dowiesz si\u0119, jakie wydarzenia odbywaj\u0105 si\u0119 w \u015bl\u0105skim<br \/>\n\u0141atwo zaplanujesz wycieczk\u0119 o ka\u017cdej porze roku<\/li>\n<li>Poznasz z\u0142o\u017con\u0105 i ciekaw\u0105 histori\u0119 regionu<\/li>\n<li>Mapy elektroniczne z oznaczeniem atrakcji<\/li>\n<li>30 pomys\u0142\u00f3w na wycieczki 1-dniowe<\/li>\n<li>12 precyzyjnie opracowanych weekend\u00f3w<\/li>\n<li>5 propozycji na urlop w wojew\u00f3dztwie \u015bl\u0105skim<\/li>\n<li>304 strony i ponad 200 kolorowych zdj\u0119\u0107<\/li>\n<\/ul>\n<p><strong>Co jeszcze zawiera Pakiet LUX?<\/strong><\/p>\n<ul>\n<li>Ksi\u0105\u017cka \u201e\u015al\u0105skie do odkrycia\u201d w wersji drukowanej\u200b<\/li>\n<li>E-Book \u201e\u015al\u0105skie do odkrycia\u201d w formacie PDF<\/li>\n<li>20 map cyfrowych LUX: to co w PREMIUM + osobna mapa do ka\u017cdego zaproponowanego weekendu i urlopu z podzia\u0142em pinezek na dni i trasami spacerowymi; pomocne przy planowaniu wyjazdu oraz w czasie jego realizacji<\/li>\n<li>Dost\u0119p do zamkni\u0119tej grupy na FB z informacjami o aktualnych wydarzeniach sezonowych<\/li>\n<li>Oryginalna \u015bl\u0105ska poczt\u00f3wka<\/li>\n<li>20% rabatu na mapy interaktywne (pojedyncze oraz pakiety) w sklepie Weekendowka.pl + 20% rabatu na ksi\u0105\u017ck\u0119 \u201ePodr\u00f3\u017cuj lepiej\u201d<\/li>\n<li>10% rabatu na kolacj\u0119 lub nocleg w Starej Piekarni w Bytomiu<\/li>\n<\/ul>\n","protected":false},"excerpt":{"rendered":"<p>&#8222;\u015al\u0105skie do odkrycia&#8221; to ksi\u0105\u017cka, kt\u00f3ra pokazuje jak ciekawy, fascynuj\u0105cy i inspiruj\u0105cy mo\u017ce by\u0107 region, kt\u00f3ry wci\u0105\u017c jeszcze boryka si\u0119 z wieloma stereotypami. Najwy\u017csza pora je obali\u0107! Dzi\u0119ki tej ksi\u0105\u017cce ka\u017cdy mo\u017ce odkry\u0107 \u015al\u0105skie odwiedzaj\u0105c je albo na jeden dzie\u0144, albo na weekend lub te\u017c d\u0142u\u017cszy urlop. Bo \u015al\u0105skie ma wiele twarzy i kryje wiele podr\u00f3\u017cniczych skarb\u00f3w.<\/p>\n","protected":false},"featured_media":96,"template":"","meta":[],"product_cat":[45],"product_tag":[51,42,41,43],"acf":[],"_links":{"self":[{"href":"https:\/\/gdziewyjechac.pl\/sklep\/wp-json\/wp\/v2\/product\/95"}],"collection":[{"href":"https:\/\/gdziewyjechac.pl\/sklep\/wp-json\/wp\/v2\/product"}],"about":[{"href":"https:\/\/gdziewyjechac.pl\/sklep\/wp-json\/wp\/v2\/types\/product"}],"wp:featuredmedia":[{"embeddable":true,"href":"https:\/\/gdziewyjechac.pl\/sklep\/wp-json\/wp\/v2\/media\/96"}],"wp:attachment":[{"href":"https:\/\/gdziewyjechac.pl\/sklep\/wp-json\/wp\/v2\/media?parent=95"}],"wp:term":[{"taxonomy":"product_cat","embeddable":true,"href":"https:\/\/gdziewyjechac.pl\/sklep\/wp-json\/wp\/v2\/product_cat?post=95"},{"taxonomy":"product_tag","embeddable":true,"href":"https:\/\/gdziewyjechac.pl\/sklep\/wp-json\/wp\/v2\/product_tag?post=95"}],"curies":[{"name":"wp","href":"https:\/\/api.w.org\/{rel}","templated":true}]}}